n base 5?
13312414
Convert 1022c5 (base 15) to base 6.
24233452
Convert 45335202 (base 6) to base 10.
1381394
Convert -5756879 (base 10) to base 12.
-1b1763b
133420 (base 5) to base 16
156d
Convert 10001010101111101 (base 2) to base 9.
117400
Convert 14213213 (base 9) to base 13.
15c458a
Convert -185403 (base 13) to base 10.
-611445
What is -41543531 (base 7) in base 3?
-20121011100212
What is 325655 (base 7) in base 5?
3313042
-244a (base 15) to base 13
-368b
What is 26045a (base 11) in base 14?
a9853
What is 5233284 (base 9) in base 8?
12527543
-1960734 (base 10) to base 16
-1deb1e
What is -993523 (base 11) in base 13?
-436a97
1369636 (base 10) to base 3
2120120210021
Convert 3682395 (base 10) to base 8.
16030133
2490744 (base 10) to base 5
1114200434
Convert 1260402 (base 10) to base 14.
24b48a
-3120432 (base 5) to base 16
-c8a7
Convert -2184166 (base 12) to base 10.
-6393822
-111002213200 (base 4) to base 13
-11b1770
What is -3076423 (base 9) in base 8?
-6214651
18c1a (base 13) to base 10
48188
-572665 (base 9) to base 6
-11204435
Convert -2512666 (base 7) to base 13.
-b3bab
200000201010221 (base 3) to base 16
922d77
What is 133332021220 (base 4) in base 11?
4804880
-482240 (base 10) to base 13
-13b665
What is -6835649 (base 10) in base 13?
-1554482
-20022001202 (base 3) to base 7
-1024310
What is -203324152 (base 6) in base 11?
-1a991a2
-111101010111110110011010 (base 2) to base 14
-21cb20a
-101223011230 (base 4) to base 12
-1675124
What is 1d5461 (base 15) in base 6?
50433114
42333 (base 10) to base 3
2011001220
What is 19998 (base 15) in base 4?
110103200
-135000100 (base 6) to base 16
-2a00e4
Convert -34085 (base 14) to base 4.
-132312011
What is -2202102211101 (base 3) in base 16?
-165b4d
32a1c6 (base 14) to base 5
414434424
What is -38b22 (base 12) in base 11?
-53374
What is -4c94d6 (base 14) in base 3?
-11222000121002
What is 46b79 (base 12) in base 14?
2688d
What is -412914 (base 12) in base 8?
-3711640
-59807 (base 13) to base 12
-7aa55
Convert 14241137 (base 8) to base 15.
43b7c0
32142544 (base 7) to base 15
38ed01
Convert 13841 (base 9) to base 7.
36334
Convert -372388 (base 9) to base 14.
-5bd31
Convert -236630 (base 8) to base 12.
-3b074
Convert -13144166 (base 7) to base 6.
-41451442
41a44a (base 12) to base 5
231041403
What is 23300566 (base 7) in base 13?
56a57a
What is -457333 (base 8) in base 4?
-211323123
Convert -92688 (base 11) to base 14.
-3740d
What is 232210310222 (base 4) in base 15?
1112935
What is 301331 (base 12) in base 7?
6235531
What is -a1826 (base 13) in base 8?
-1064647
Convert -2705212 (base 8) to base 13.
-206369
4206678 (base 11) to base 5
3344322033
What is 3310041 (base 7) in base 14?
a7c58
Convert 1311114410 (base 5) to base 2.
1100010010111001000001
What is 1414321 (base 5) in base 9?
44215
-200200010021 (base 3) to base 14
-97d04
What is 33650 (base 8) in base 7?
56353
What is -231b7b (base 13) in base 10?
-832427
What is -799c (base 15) in base 16?
-64c5
Convert -113131121 (base 4) to base 7.
-550100
What is 2077 (base 16) in base 2?
10000001110111
-102010123 (base 4) to base 7
-425530
What is -3837679 (base 11) in base 5?
-3201012033
-635730 (base 11) to base 10
-1017764
120213302 (base 4) to base 16
189f2
Convert -7871816 (base 11) to base 10.
-13794138
3c218 (base 16) to base 11
159056
What is 10010111001111011 (base 2) in base 12?
3898b
579656 (base 13) to base 10
2077250
-4614125 (base 7) to base 16
-8c72f
What is 23124222 (base 5) in base 6?
4243130
Convert -103320212002 (base 4) to base 8.
-23704602
935c8 (base 13) to base 14
6c637
290582 (base 16) to base 5
1142012021
Convert 101220010202 (base 3) to base 6.
4332415
10305605 (base 7) to base 3
1122111121122
-246192 (base 13) to base 10
-870300
What is 4949b (base 13) in base 16?
20ea5
Convert 20103011 (base 4) to base 5.
2041424
-16f63 (base 16) to base 10
-94051
10300432 (base 5) to base 4
111121001
Convert 21295e (base 15) to base 8.
6012377
What is -103422124 (base 5) in base 11?
-289280
Convert -402240 (base 5) to base 10.
-12820
-5a390 (base 15) to base 3
-112121122000
-2b18b (base 14) to base 6
-2144531
What is 137718 (base 11) in base 3?
101221010210
-7b213 (base 15) to base 5
-100020333
Convert -1065587 (base 11) to base 14.
-368442
Convert -364c7 (base 16) to base 5.
-24104112
2012122220011 (base 3) to base 9
2178804
Convert 1402460 (base 7) to base 15.
3a0bb
What is 1286 (base 16) in base 6?
33542
What is -27171 (base 8) in base 4?
-2321321
204080 (base 10) to base 11
12a368
Convert 121110224 (base 5) to base 3.
1001202211121
1014403313 (base 5) to base 7
23623002
Convert 11111220022 (base 3) to base 11.
60847
3dbd80 (base 14) to base 7
24144520
What is -97076 (base 10) in base 6?
-2025232
Convert -241548 (base 11) to base 9.
-642811
What is -10222120022 (base 3) in base 4?
-103021100
What is -1690170 (base 11) in base 9?
-5353604
Convert 1323614 (base 7) to base 15.
3693b
10121102202 (base 4) to base 5
243332122
What is 22dc6 (base 16) in base 12?
6a772
What is 17514605 (base 8) in base 15?
560873
101222220021 (base 3) to base 13
77692
Convert -1441411133 (base 5) to base 16.
-3ada93
1345163 (base 7) to base 5
21220413
Convert -434a7 (base 11) to base 15.
-13aa8
What is -10102200122120 (base 3) in base 5?
-431340212
Convert 243524 (base 11) to base 16.
5e10a
Convert -6014533 (base 7) to base 10.
-709936
What is 45a0b (base 13) in base 16?
1efd2
What is 11011101001101101 (base 2) in base 4?
123221231
Convert 120224 (base 10) to base 3.
20002220202
Convert 2236675 (base 9) to base 4.
10212111113
-12304156 (base 8) to base 4
-22120201232
553830 (base 10) to base 16
87366
376d74 (base 15) to base 8
12103050
Convert -1878c3 (base 16) to base 3.
-10000110222020
-10441241 (base 8) to base 12
-903429
What is 111100110100111011111 (base 2) in base 16?
1e69df
Convert -20854b (base 14) to base 8.
-4141627
What is -95563 (base 14) in base 11?
-226966
23b4b1 (base 14) to base 13
33a2b6
25250535 (base 6) to base 9
1472445
What is 35155354 (base 7) in base 12?
104bb57
What is -162051 (base 11) in base 16?
-3d6df
Convert -509370 (base 10) to base 7.
-4221021
-61636662 (base 7) to base 2
-10011101110000011000100
Convert -20846 (base 15) to base 16.
-192cc
-322211304 (base 5) to base 2
-101001101100110110110
Convert 11224244 (base 5) to base 4.
120313000
572256 (base 9) to base 8
1235473
Convert 83050d (base 15) to base 3.
102201102020011
What is -20221201200201 (base 3) in base 5?
-1421220302
-5253607 (base 10) to base 7
-62440432
What is -213320223001 (base 4) in base 14?
-156258d
What is 15122716 (base 8) in base 16?
34a5ce
Convert 3141030 (base 5) to base 14.
15280
What is 11010111011000100010 (base 2) in base 5?
211212320
1a9287 (base 14) to base 3
1210010022011
What is c174 (base 16) in base 14?
14096
What is -2ffe9 (base 16) in base 3?
-100222122221
What is -212311312 (base 4) in base 8?
-466566
-100100111011001010 (base 2) to base 5
-14314432
b2a61a (base 12) to base 6
135540034
Convert 1683781 (base 9) to base 13.
26c446
What is 201112002 (base 4) in base 16?
21582
Convert 438501 (base 14) to base 9.
4268513
Convert -4636510 (base 7) to base 8.
-2156527
22020211102 (base 3) to base 12
7a00b
What is -410042 (base 9) in base 12?
-b860b
23106621 (base 7) to base 11
115a073
44a825 (base 16) to base 15
5dd2b3
Convert 511786 (base 13) to base 5.
440413031
Convert -141229 (base 13) to base 8.
-1671253
-110324444 (base 5) to base 12
-1b193b
What is -2112412442 (base 5) in base 15?
-5c484c
What is 2fdff (base 16) in base 9?
327883
What is 302017 (base 8) in base 5?
11134333
-2021544 (base 7) to base 10
-240720
232182 (base 11) to base 5
43301043
-101422324 (base 5) to base 3
-210100121010
Convert 124584 (base 10) to base 9.
208806
201300012133 (base 4) to base 14
126459d
Convert 111112200002 (base 3) to base 5.
32012243
-40ba34 (base 12) to base 9
-1817384
Convert 15312030 (base 6) to base 9.
1010350
210231223 (base 4) to base 3
21122021121
Convert 11100202102212 (base 3) to base 16.
235df3
What is 2675546 (base 8) in base 4?
2313231212
-6c96d (base 14) to base 7
-2153266
What is -3873714 (base 9) in base 16?
-204751
What is -40b175 (base 13) in base 12?
-609744
18193 (base 13) to base 7
252232
2c778a (base 13) to base 6
35341454
What is 231